{"id":29,"date":"2017-11-12T15:04:45","date_gmt":"2017-11-12T14:04:45","guid":{"rendered":"https:\/\/haugfossalpakka.no\/?page_id=29"},"modified":"2020-01-28T13:13:50","modified_gmt":"2020-01-28T12:13:50","slug":"velkommen","status":"publish","type":"page","link":"https:\/\/haugfossalpakka.no\/","title":{"rendered":"Velkommen"},"content":{"rendered":"<p><div  class=\"fusion-fullwidth fullwidth-box nonhundred-percent-fullwidth\"  style='background-color: #efefef;background-position: center center;background-repeat: no-repeat;padding-top:20px;padding-right:0px;padding-bottom:0px;padding-left:0px;'><div class=\"fusion-builder-row fusion-row \"><div  class=\"fusion-layout-column fusion_builder_column fusion_builder_column_1_2  fusion-one-half fusion-column-first 1_2\"  style='margin-top:0px;margin-bottom:20px;width:50%;width:calc(50% - ( ( 4% ) * 0.5 ) );margin-right: 4%;'>\n\t\t\t\t\t<div class=\"fusion-column-wrapper\" style=\"background-position:left top;background-repeat:no-repeat;-webkit-background-size:cover;-moz-background-size:cover;-o-background-size:cover;background-size:cover;\"  data-bg-url=\"\">\n\t\t\t\t\t\t<div class=\"fusion-image-carousel fusion-image-carousel-auto fusion-carousel-border\"><div class=\"fusion-carousel\" data-autoplay=\"yes\" data-columns=\"2\" data-itemmargin=\"13\" data-itemwidth=\"180\" data-touchscroll=\"no\" data-imagesize=\"auto\" data-scrollitems=\"1\"><div class=\"fusion-carousel-positioner\"><ul class=\"fusion-carousel-holder\"><li class=\"fusion-carousel-item\"><div class=\"fusion-carousel-item-wrapper\"><div class=\"fusion-image-wrapper hover-type-zoomin\"><img width=\"1000\" height=\"1200\" src=\"https:\/\/haugfossalpakka.no\/wp-content\/uploads\/2017\/11\/ellen-1.jpg\" class=\"attachment-full size-full\" alt=\"\" loading=\"lazy\" srcset=\"https:\/\/haugfossalpakka.no\/wp-content\/uploads\/2017\/11\/ellen-1-200x240.jpg 200w, https:\/\/haugfossalpakka.no\/wp-content\/uploads\/2017\/11\/ellen-1-250x300.jpg 250w, https:\/\/haugfossalpakka.no\/wp-content\/uploads\/2017\/11\/ellen-1-400x480.jpg 400w, https:\/\/haugfossalpakka.no\/wp-content\/uploads\/2017\/11\/ellen-1-600x720.jpg 600w, https:\/\/haugfossalpakka.no\/wp-content\/uploads\/2017\/11\/ellen-1-768x922.jpg 768w, https:\/\/haugfossalpakka.no\/wp-content\/uploads\/2017\/11\/ellen-1-800x960.jpg 800w, https:\/\/haugfossalpakka.no\/wp-content\/uploads\/2017\/11\/ellen-1-853x1024.jpg 853w, https:\/\/haugfossalpakka.no\/wp-content\/uploads\/2017\/11\/ellen-1.jpg 1000w\" sizes=\"(max-width: 1000px) 100vw, 1000px\" \/><\/div><\/div><\/li><li class=\"fusion-carousel-item\"><div class=\"fusion-carousel-item-wrapper\"><div class=\"fusion-image-wrapper hover-type-zoomin\"><img width=\"1000\" height=\"1200\" src=\"https:\/\/haugfossalpakka.no\/wp-content\/uploads\/2017\/11\/alpakka01-1.jpg\" class=\"attachment-full size-full\" alt=\"\" loading=\"lazy\" srcset=\"https:\/\/haugfossalpakka.no\/wp-content\/uploads\/2017\/11\/alpakka01-1-200x240.jpg 200w, https:\/\/haugfossalpakka.no\/wp-content\/uploads\/2017\/11\/alpakka01-1-250x300.jpg 250w, https:\/\/haugfossalpakka.no\/wp-content\/uploads\/2017\/11\/alpakka01-1-400x480.jpg 400w, https:\/\/haugfossalpakka.no\/wp-content\/uploads\/2017\/11\/alpakka01-1-600x720.jpg 600w, https:\/\/haugfossalpakka.no\/wp-content\/uploads\/2017\/11\/alpakka01-1-768x922.jpg 768w, https:\/\/haugfossalpakka.no\/wp-content\/uploads\/2017\/11\/alpakka01-1-800x960.jpg 800w, https:\/\/haugfossalpakka.no\/wp-content\/uploads\/2017\/11\/alpakka01-1-853x1024.jpg 853w, https:\/\/haugfossalpakka.no\/wp-content\/uploads\/2017\/11\/alpakka01-1.jpg 1000w\" sizes=\"(max-width: 1000px) 100vw, 1000px\" \/><\/div><\/div><\/li><li class=\"fusion-carousel-item\"><div class=\"fusion-carousel-item-wrapper\"><div class=\"fusion-image-wrapper hover-type-zoomin\"><img width=\"1000\" height=\"1200\" src=\"https:\/\/haugfossalpakka.no\/wp-content\/uploads\/2017\/11\/alpakka02-1.jpg\" class=\"attachment-full size-full\" alt=\"\" loading=\"lazy\" srcset=\"https:\/\/haugfossalpakka.no\/wp-content\/uploads\/2017\/11\/alpakka02-1-200x240.jpg 200w, https:\/\/haugfossalpakka.no\/wp-content\/uploads\/2017\/11\/alpakka02-1-250x300.jpg 250w, https:\/\/haugfossalpakka.no\/wp-content\/uploads\/2017\/11\/alpakka02-1-400x480.jpg 400w, https:\/\/haugfossalpakka.no\/wp-content\/uploads\/2017\/11\/alpakka02-1-600x720.jpg 600w, https:\/\/haugfossalpakka.no\/wp-content\/uploads\/2017\/11\/alpakka02-1-768x922.jpg 768w, https:\/\/haugfossalpakka.no\/wp-content\/uploads\/2017\/11\/alpakka02-1-800x960.jpg 800w, https:\/\/haugfossalpakka.no\/wp-content\/uploads\/2017\/11\/alpakka02-1-853x1024.jpg 853w, https:\/\/haugfossalpakka.no\/wp-content\/uploads\/2017\/11\/alpakka02-1.jpg 1000w\" sizes=\"(max-width: 1000px) 100vw, 1000px\" \/><\/div><\/div><\/li><li class=\"fusion-carousel-item\"><div class=\"fusion-carousel-item-wrapper\"><div class=\"fusion-image-wrapper hover-type-zoomin\"><img width=\"1000\" height=\"1200\" src=\"https:\/\/haugfossalpakka.no\/wp-content\/uploads\/2017\/11\/alpakka03-1.jpg\" class=\"attachment-full size-full\" alt=\"\" loading=\"lazy\" srcset=\"https:\/\/haugfossalpakka.no\/wp-content\/uploads\/2017\/11\/alpakka03-1-200x240.jpg 200w, https:\/\/haugfossalpakka.no\/wp-content\/uploads\/2017\/11\/alpakka03-1-250x300.jpg 250w, https:\/\/haugfossalpakka.no\/wp-content\/uploads\/2017\/11\/alpakka03-1-400x480.jpg 400w, https:\/\/haugfossalpakka.no\/wp-content\/uploads\/2017\/11\/alpakka03-1-600x720.jpg 600w, https:\/\/haugfossalpakka.no\/wp-content\/uploads\/2017\/11\/alpakka03-1-768x922.jpg 768w, https:\/\/haugfossalpakka.no\/wp-content\/uploads\/2017\/11\/alpakka03-1-800x960.jpg 800w, https:\/\/haugfossalpakka.no\/wp-content\/uploads\/2017\/11\/alpakka03-1-853x1024.jpg 853w, https:\/\/haugfossalpakka.no\/wp-content\/uploads\/2017\/11\/alpakka03-1.jpg 1000w\" sizes=\"(max-width: 1000px) 100vw, 1000px\" \/><\/div><\/div><\/li><li class=\"fusion-carousel-item\"><div class=\"fusion-carousel-item-wrapper\"><div class=\"fusion-image-wrapper hover-type-zoomin\"><img width=\"1000\" height=\"1200\" src=\"https:\/\/haugfossalpakka.no\/wp-content\/uploads\/2017\/11\/garn-1.jpg\" class=\"attachment-full size-full\" alt=\"\" loading=\"lazy\" srcset=\"https:\/\/haugfossalpakka.no\/wp-content\/uploads\/2017\/11\/garn-1-200x240.jpg 200w, https:\/\/haugfossalpakka.no\/wp-content\/uploads\/2017\/11\/garn-1-250x300.jpg 250w, https:\/\/haugfossalpakka.no\/wp-content\/uploads\/2017\/11\/garn-1-400x480.jpg 400w, https:\/\/haugfossalpakka.no\/wp-content\/uploads\/2017\/11\/garn-1-600x720.jpg 600w, https:\/\/haugfossalpakka.no\/wp-content\/uploads\/2017\/11\/garn-1-768x922.jpg 768w, https:\/\/haugfossalpakka.no\/wp-content\/uploads\/2017\/11\/garn-1-800x960.jpg 800w, https:\/\/haugfossalpakka.no\/wp-content\/uploads\/2017\/11\/garn-1-853x1024.jpg 853w, https:\/\/haugfossalpakka.no\/wp-content\/uploads\/2017\/11\/garn-1.jpg 1000w\" sizes=\"(max-width: 1000px) 100vw, 1000px\" \/><\/div><\/div><\/li><li class=\"fusion-carousel-item\"><div class=\"fusion-carousel-item-wrapper\"><div class=\"fusion-image-wrapper hover-type-zoomin\"><img width=\"1000\" height=\"1200\" src=\"https:\/\/haugfossalpakka.no\/wp-content\/uploads\/2017\/11\/alpakka04.jpg\" class=\"attachment-full size-full\" alt=\"\" loading=\"lazy\" srcset=\"https:\/\/haugfossalpakka.no\/wp-content\/uploads\/2017\/11\/alpakka04-200x240.jpg 200w, https:\/\/haugfossalpakka.no\/wp-content\/uploads\/2017\/11\/alpakka04-250x300.jpg 250w, https:\/\/haugfossalpakka.no\/wp-content\/uploads\/2017\/11\/alpakka04-400x480.jpg 400w, https:\/\/haugfossalpakka.no\/wp-content\/uploads\/2017\/11\/alpakka04-600x720.jpg 600w, https:\/\/haugfossalpakka.no\/wp-content\/uploads\/2017\/11\/alpakka04-768x922.jpg 768w, https:\/\/haugfossalpakka.no\/wp-content\/uploads\/2017\/11\/alpakka04-800x960.jpg 800w, https:\/\/haugfossalpakka.no\/wp-content\/uploads\/2017\/11\/alpakka04-853x1024.jpg 853w, https:\/\/haugfossalpakka.no\/wp-content\/uploads\/2017\/11\/alpakka04.jpg 1000w\" sizes=\"(max-width: 1000px) 100vw, 1000px\" \/><\/div><\/div><\/li><\/ul><div class=\"fusion-carousel-nav\"><span class=\"fusion-nav-prev\"><\/span><span class=\"fusion-nav-next\"><\/span><\/div><\/div><\/div><\/div><div class=\"fusion-clearfix\"><\/div>\n\n\t\t\t\t\t<\/div>\n\t\t\t\t<\/div><div  class=\"fusion-layout-column fusion_builder_column fusion_builder_column_1_2  fusion-one-half fusion-column-last 1_2\"  style='margin-top:0px;margin-bottom:20px;width:50%;width:calc(50% - ( ( 4% ) * 0.5 ) );'>\n\t\t\t\t\t<div class=\"fusion-column-wrapper\" style=\"background-position:left top;background-repeat:no-repeat;-webkit-background-size:cover;-moz-background-size:cover;-o-background-size:cover;background-size:cover;\"  data-bg-url=\"\">\n\t\t\t\t\t\t<h1>Haugfoss alpakka<\/h1>\n<p>Her p\u00e5 Haugfoss i Modum &#8211; en dr\u00f8y time fra Oslo &#8211; driver jeg oppdrett og salg av livdyr samt produksjon og salg av fiber (ull) i form av garn. Jeg startet i 2014 og har bygget opp flokken ved hjelp av egne hopper som er paret med premierte hingster. Gjennom riktig avlsarbeid etterstrebes en stadig forbedring av kvalitet b\u00e5de n\u00e5r det gjelder kroppsbygning og fiber.<\/p>\n<p>Ved siden av salg av dyr har jeg valgt \u00e5 satse p\u00e5 garnproduksjon og spinner litt selv. Dette er imidlertid en tidkrevende prosess, s\u00e5 mye av garnet blir spunnet p\u00e5 Alpakkaspinneriet p\u00e5 Hurum. Det brukes ikke kjemikalier i prosessen og heller ikke kunstige fargestoffer. Garnet egner seg ypperlig til strikking og hekling av myke og varme produkter samt til plantefarging. Dette garnet er 100% norsk og kortreist da dyra blir f\u00f8dt her, gresser her og blir klippet her i fj\u00f8set. Ta gjerne kontakt hvis du vil vite mer.<\/p>\n<div class=\"fusion-clearfix\"><\/div>\n\n\t\t\t\t\t<\/div>\n\t\t\t\t<\/div><\/div><\/div><div  class=\"fusion-fullwidth fullwidth-box nonhundred-percent-fullwidth\"  style='background-color: rgba(255,255,255,0);background-position: center center;background-repeat: no-repeat;padding-top:50px;padding-right:0px;padding-bottom:0px;padding-left:0px;'><div class=\"fusion-builder-row fusion-row \"><div  class=\"fusion-layout-column fusion_builder_column fusion_builder_column_1_2  fusion-one-half fusion-column-first 1_2\"  style='margin-top:0px;margin-bottom:20px;width:50%;width:calc(50% - ( ( 4% ) * 0.5 ) );margin-right: 4%;'>\n\t\t\t\t\t<div class=\"fusion-column-wrapper\" style=\"background-position:left top;background-repeat:no-repeat;-webkit-background-size:cover;-moz-background-size:cover;-o-background-size:cover;background-size:cover;\"  data-bg-url=\"\">\n\t\t\t\t\t\t<h2>Salg av dyr<\/h2>\n<p>Vi er medlem av Den norske alpakkaforeningen, og alle som kj\u00f8per dyr hos oss f\u00e5r gratis medlemskap ut \u00e5ret. Vi er veldig glade i dyra v\u00e5re, og det vil v\u00e6re en glede for oss \u00e5 hjelpe til med r\u00e5d og oppf\u00f8lging etter et event. salg.<\/p>\n<p>Vi kommer gjerne p\u00e5 bes\u00f8k p\u00e5 forh\u00e5nd for r\u00e5dgivning om eventuelle endringer av fj\u00f8s osv. Alle dyrene v\u00e5re er registrert i NAR (Norsk alpakkaregister) hvor hele stamtavlen er registrert.<\/p>\n<p>Les mer <a href=\"https:\/\/haugfossalpakka.no\/kjope-dyr\/\">HER.<\/a><\/p>\n<div class=\"fusion-clearfix\"><\/div>\n\n\t\t\t\t\t<\/div>\n\t\t\t\t<\/div><div  class=\"fusion-layout-column fusion_builder_column fusion_builder_column_1_2  fusion-one-half fusion-column-last 1_2\"  style='margin-top:0px;margin-bottom:20px;width:50%;width:calc(50% - ( ( 4% ) * 0.5 ) );'>\n\t\t\t\t\t<div class=\"fusion-column-wrapper\" style=\"background-position:left top;background-repeat:no-repeat;-webkit-background-size:cover;-moz-background-size:cover;-o-background-size:cover;background-size:cover;\"  data-bg-url=\"\">\n\t\t\t\t\t\t<span class=\"fusion-imageframe imageframe-none imageframe-1 hover-type-none\"><img loading=\"lazy\" src=\"https:\/\/haugfossalpakka.no\/wp-content\/uploads\/2017\/11\/alpakkaer_600_300.jpg\" width=\"600\" height=\"300\" alt=\"\" title=\"alpakkaer_600_300\" class=\"img-responsive wp-image-86\" srcset=\"https:\/\/haugfossalpakka.no\/wp-content\/uploads\/2017\/11\/alpakkaer_600_300-200x100.jpg 200w, https:\/\/haugfossalpakka.no\/wp-content\/uploads\/2017\/11\/alpakkaer_600_300-400x200.jpg 400w, https:\/\/haugfossalpakka.no\/wp-content\/uploads\/2017\/11\/alpakkaer_600_300.jpg 600w\" sizes=\"(max-width: 800px) 100vw, 1200px\" \/><\/span><div class=\"fusion-clearfix\"><\/div>\n\n\t\t\t\t\t<\/div>\n\t\t\t\t<\/div><\/div><\/div><\/p>\n","protected":false},"excerpt":{"rendered":"","protected":false},"author":1,"featured_media":0,"parent":0,"menu_order":0,"comment_status":"closed","ping_status":"closed","template":"100-width.php","meta":[],"_links":{"self":[{"href":"https:\/\/haugfossalpakka.no\/index.php?rest_route=\/wp\/v2\/pages\/29"}],"collection":[{"href":"https:\/\/haugfossalpakka.no\/index.php?rest_route=\/wp\/v2\/pages"}],"about":[{"href":"https:\/\/haugfossalpakka.no\/index.php?rest_route=\/wp\/v2\/types\/page"}],"author":[{"embeddable":true,"href":"https:\/\/haugfossalpakka.no\/index.php?rest_route=\/wp\/v2\/users\/1"}],"replies":[{"embeddable":true,"href":"https:\/\/haugfossalpakka.no\/index.php?rest_route=%2Fwp%2Fv2%2Fcomments&post=29"}],"version-history":[{"count":17,"href":"https:\/\/haugfossalpakka.no\/index.php?rest_route=\/wp\/v2\/pages\/29\/revisions"}],"predecessor-version":[{"id":352,"href":"https:\/\/haugfossalpakka.no\/index.php?rest_route=\/wp\/v2\/pages\/29\/revisions\/352"}],"wp:attachment":[{"href":"https:\/\/haugfossalpakka.no\/index.php?rest_route=%2Fwp%2Fv2%2Fmedia&parent=29"}],"curies":[{"name":"wp","href":"https:\/\/api.w.org\/{rel}","templated":true}]}}