{"id":11,"date":"2017-11-12T14:50:40","date_gmt":"2017-11-12T13:50:40","guid":{"rendered":"https:\/\/haugfossalpakka.no\/?page_id=11"},"modified":"2018-03-20T21:18:17","modified_gmt":"2018-03-20T20:18:17","slug":"garden","status":"publish","type":"page","link":"https:\/\/haugfossalpakka.no\/?page_id=11","title":{"rendered":"G\u00e5rden"},"content":{"rendered":"<div  class=\"fusion-fullwidth fullwidth-box nonhundred-percent-fullwidth\"  style='background-color: rgba(255,255,255,0);background-position: center center;background-repeat: no-repeat;padding-top:0px;padding-right:0px;padding-bottom:0px;padding-left:0px;'><div class=\"fusion-builder-row fusion-row \"><div  class=\"fusion-layout-column fusion_builder_column fusion_builder_column_1_1  fusion-one-full fusion-column-first fusion-column-last 1_1\"  style='margin-top:0px;margin-bottom:0px;'>\n\t\t\t\t\t<div class=\"fusion-column-wrapper\" style=\"background-position:left top;background-repeat:no-repeat;-webkit-background-size:cover;-moz-background-size:cover;-o-background-size:cover;background-size:cover;\"  data-bg-url=\"\">\n\t\t\t\t\t\t<div class=\"fusion-image-carousel fusion-image-carousel-auto fusion-carousel-border\"><div class=\"fusion-carousel\" data-autoplay=\"yes\" data-columns=\"1\" data-itemmargin=\"13\" data-itemwidth=\"180\" data-touchscroll=\"no\" data-imagesize=\"auto\" data-scrollitems=\"1\"><div class=\"fusion-carousel-positioner\"><ul class=\"fusion-carousel-holder\"><li class=\"fusion-carousel-item\"><div class=\"fusion-carousel-item-wrapper\"><div class=\"fusion-image-wrapper hover-type-none\"><img width=\"2000\" height=\"460\" src=\"https:\/\/haugfossalpakka.no\/wp-content\/uploads\/2018\/03\/gaarden_sommer01.jpg\" class=\"attachment-full size-full\" alt=\"\" loading=\"lazy\" srcset=\"https:\/\/haugfossalpakka.no\/wp-content\/uploads\/2018\/03\/gaarden_sommer01-200x46.jpg 200w, https:\/\/haugfossalpakka.no\/wp-content\/uploads\/2018\/03\/gaarden_sommer01-300x69.jpg 300w, https:\/\/haugfossalpakka.no\/wp-content\/uploads\/2018\/03\/gaarden_sommer01-400x92.jpg 400w, https:\/\/haugfossalpakka.no\/wp-content\/uploads\/2018\/03\/gaarden_sommer01-600x138.jpg 600w, https:\/\/haugfossalpakka.no\/wp-content\/uploads\/2018\/03\/gaarden_sommer01-768x177.jpg 768w, https:\/\/haugfossalpakka.no\/wp-content\/uploads\/2018\/03\/gaarden_sommer01-800x184.jpg 800w, https:\/\/haugfossalpakka.no\/wp-content\/uploads\/2018\/03\/gaarden_sommer01-1024x236.jpg 1024w, https:\/\/haugfossalpakka.no\/wp-content\/uploads\/2018\/03\/gaarden_sommer01-1200x276.jpg 1200w, https:\/\/haugfossalpakka.no\/wp-content\/uploads\/2018\/03\/gaarden_sommer01.jpg 2000w\" sizes=\"(max-width: 2000px) 100vw, 2000px\" \/><\/div><\/div><\/li><li class=\"fusion-carousel-item\"><div class=\"fusion-carousel-item-wrapper\"><div class=\"fusion-image-wrapper hover-type-none\"><img width=\"2000\" height=\"460\" src=\"https:\/\/haugfossalpakka.no\/wp-content\/uploads\/2018\/03\/gaarden_bredde.jpg\" class=\"attachment-full size-full\" alt=\"\" loading=\"lazy\" srcset=\"https:\/\/haugfossalpakka.no\/wp-content\/uploads\/2018\/03\/gaarden_bredde-200x46.jpg 200w, https:\/\/haugfossalpakka.no\/wp-content\/uploads\/2018\/03\/gaarden_bredde-300x69.jpg 300w, https:\/\/haugfossalpakka.no\/wp-content\/uploads\/2018\/03\/gaarden_bredde-400x92.jpg 400w, https:\/\/haugfossalpakka.no\/wp-content\/uploads\/2018\/03\/gaarden_bredde-600x138.jpg 600w, https:\/\/haugfossalpakka.no\/wp-content\/uploads\/2018\/03\/gaarden_bredde-768x177.jpg 768w, https:\/\/haugfossalpakka.no\/wp-content\/uploads\/2018\/03\/gaarden_bredde-800x184.jpg 800w, https:\/\/haugfossalpakka.no\/wp-content\/uploads\/2018\/03\/gaarden_bredde-1024x236.jpg 1024w, https:\/\/haugfossalpakka.no\/wp-content\/uploads\/2018\/03\/gaarden_bredde-1200x276.jpg 1200w, https:\/\/haugfossalpakka.no\/wp-content\/uploads\/2018\/03\/gaarden_bredde.jpg 2000w\" sizes=\"(max-width: 2000px) 100vw, 2000px\" \/><\/div><\/div><\/li><\/ul><div class=\"fusion-carousel-nav\"><span class=\"fusion-nav-prev\"><\/span><span class=\"fusion-nav-next\"><\/span><\/div><\/div><\/div><\/div><h1>G\u00e5rden<\/h1>\n<p>S\u00f8r-\u00d8garden er et sm\u00e5bruk fra Blaafarvev\u00e6rkets tid. Lenge ble det drevet med kuer, og ogs\u00e5 et lite sagbruk fantes her.<\/p>\n<p>Da vi kom hit i 2011 bestod plassen av et gammelt v\u00e5ningshus som var p\u00e5bygd flere ganger, et bryggerhus og en l\u00e5ve som var i bra stand. Vi s\u00e5 for oss at vi kunne bygge litt om p\u00e5 og restaurere det gamle huset, som innerst inne hadde en t\u00f8mmerkasse fra 1700-tallet.<\/p>\n<p>Men etter mye om og men endte det med nedbrenning. Alt dette tok imidlertid sin tid, og alpakkadr\u00f8mmen ble n\u00e6ret gjennom kursing og planlegging. Vi bygget om fj\u00f8set og reparerte gjerder. F\u00f8rst sommeren 2014 kom v\u00e5re f\u00f8rste alpakkaer hit.<\/p>\n<p>V\u00e5ningshuset ble et feng Shui hus. Feng Shui\u00a0er en filosofisk praksis som fortsatt brukes i \u00f8sten for \u00e5 skape best mulig energiflyt i bygninger. Vi fikk hjelp fra eksperter som ga r\u00e5d om romfordeling, trappens dreining, vinduenes plassering, farge p\u00e5 veggene mm. Vann og varmekilder er ogs\u00e5 viktige elementer i et feng shui hus.<\/p>\n<p>Bruket har litt over 20 m\u00e5l beite som er nok til 15-20 dyr. Fire m\u00e5l med skog holder til oppvarming. G\u00e5rden huser i tillegg til alpakkaene og oss mennesker, tre katter, Lope, Muskat og Mahler.<\/p>\n<div class=\"fusion-clearfix\"><\/div>\n\n\t\t\t\t\t<\/div>\n\t\t\t\t<\/div><div  class=\"fusion-layout-column fusion_builder_column fusion_builder_column_1_3  fusion-one-third fusion-column-first 1_3\"  style='margin-top:0px;margin-bottom:20px;width:33.33%;width:calc(33.33% - ( ( 4% + 4% ) * 0.3333 ) );margin-right: 4%;'>\n\t\t\t\t\t<div class=\"fusion-column-wrapper\" style=\"background-position:left top;background-repeat:no-repeat;-webkit-background-size:cover;-moz-background-size:cover;-o-background-size:cover;background-size:cover;\"  data-bg-url=\"\">\n\t\t\t\t\t\t<p><img loading=\"lazy\" class=\"alignnone size-full wp-image-186\" src=\"https:\/\/haugfossalpakka.no\/wp-content\/uploads\/2018\/03\/katt01.jpg\" alt=\"\" width=\"1000\" height=\"1000\" srcset=\"https:\/\/haugfossalpakka.no\/wp-content\/uploads\/2018\/03\/katt01-66x66.jpg 66w, https:\/\/haugfossalpakka.no\/wp-content\/uploads\/2018\/03\/katt01-150x150.jpg 150w, https:\/\/haugfossalpakka.no\/wp-content\/uploads\/2018\/03\/katt01-200x200.jpg 200w, https:\/\/haugfossalpakka.no\/wp-content\/uploads\/2018\/03\/katt01-300x300.jpg 300w, https:\/\/haugfossalpakka.no\/wp-content\/uploads\/2018\/03\/katt01-400x400.jpg 400w, https:\/\/haugfossalpakka.no\/wp-content\/uploads\/2018\/03\/katt01-600x600.jpg 600w, https:\/\/haugfossalpakka.no\/wp-content\/uploads\/2018\/03\/katt01-768x768.jpg 768w, https:\/\/haugfossalpakka.no\/wp-content\/uploads\/2018\/03\/katt01-800x800.jpg 800w, https:\/\/haugfossalpakka.no\/wp-content\/uploads\/2018\/03\/katt01.jpg 1000w\" sizes=\"(max-width: 1000px) 100vw, 1000px\" \/><\/p>\n<div class=\"fusion-clearfix\"><\/div>\n\n\t\t\t\t\t<\/div>\n\t\t\t\t<\/div><div  class=\"fusion-layout-column fusion_builder_column fusion_builder_column_1_3  fusion-one-third 1_3\"  style='margin-top:0px;margin-bottom:20px;width:33.33%;width:calc(33.33% - ( ( 4% + 4% ) * 0.3333 ) );margin-right: 4%;'>\n\t\t\t\t\t<div class=\"fusion-column-wrapper\" style=\"background-position:left top;background-repeat:no-repeat;-webkit-background-size:cover;-moz-background-size:cover;-o-background-size:cover;background-size:cover;\"  data-bg-url=\"\">\n\t\t\t\t\t\t<p><img loading=\"lazy\" class=\"alignnone size-full wp-image-188\" src=\"https:\/\/haugfossalpakka.no\/wp-content\/uploads\/2018\/03\/katt02.jpg\" alt=\"\" width=\"700\" height=\"700\" srcset=\"https:\/\/haugfossalpakka.no\/wp-content\/uploads\/2018\/03\/katt02-66x66.jpg 66w, https:\/\/haugfossalpakka.no\/wp-content\/uploads\/2018\/03\/katt02-150x150.jpg 150w, https:\/\/haugfossalpakka.no\/wp-content\/uploads\/2018\/03\/katt02-200x200.jpg 200w, https:\/\/haugfossalpakka.no\/wp-content\/uploads\/2018\/03\/katt02-300x300.jpg 300w, https:\/\/haugfossalpakka.no\/wp-content\/uploads\/2018\/03\/katt02-400x400.jpg 400w, https:\/\/haugfossalpakka.no\/wp-content\/uploads\/2018\/03\/katt02-600x600.jpg 600w, https:\/\/haugfossalpakka.no\/wp-content\/uploads\/2018\/03\/katt02.jpg 700w\" sizes=\"(max-width: 700px) 100vw, 700px\" \/><\/p>\n<div class=\"fusion-clearfix\"><\/div>\n\n\t\t\t\t\t<\/div>\n\t\t\t\t<\/div><div  class=\"fusion-layout-column fusion_builder_column fusion_builder_column_1_3  fusion-one-third fusion-column-last 1_3\"  style='margin-top:0px;margin-bottom:20px;width:33.33%;width:calc(33.33% - ( ( 4% + 4% ) * 0.3333 ) );'>\n\t\t\t\t\t<div class=\"fusion-column-wrapper\" style=\"background-position:left top;background-repeat:no-repeat;-webkit-background-size:cover;-moz-background-size:cover;-o-background-size:cover;background-size:cover;\"  data-bg-url=\"\">\n\t\t\t\t\t\t<p><img loading=\"lazy\" class=\"alignnone size-full wp-image-189\" src=\"https:\/\/haugfossalpakka.no\/wp-content\/uploads\/2018\/03\/katt03.jpg\" alt=\"\" width=\"1000\" height=\"1000\" srcset=\"https:\/\/haugfossalpakka.no\/wp-content\/uploads\/2018\/03\/katt03-66x66.jpg 66w, https:\/\/haugfossalpakka.no\/wp-content\/uploads\/2018\/03\/katt03-150x150.jpg 150w, https:\/\/haugfossalpakka.no\/wp-content\/uploads\/2018\/03\/katt03-200x200.jpg 200w, https:\/\/haugfossalpakka.no\/wp-content\/uploads\/2018\/03\/katt03-300x300.jpg 300w, https:\/\/haugfossalpakka.no\/wp-content\/uploads\/2018\/03\/katt03-400x400.jpg 400w, https:\/\/haugfossalpakka.no\/wp-content\/uploads\/2018\/03\/katt03-600x600.jpg 600w, https:\/\/haugfossalpakka.no\/wp-content\/uploads\/2018\/03\/katt03-768x768.jpg 768w, https:\/\/haugfossalpakka.no\/wp-content\/uploads\/2018\/03\/katt03-800x800.jpg 800w, https:\/\/haugfossalpakka.no\/wp-content\/uploads\/2018\/03\/katt03.jpg 1000w\" sizes=\"(max-width: 1000px) 100vw, 1000px\" \/><\/p>\n<div class=\"fusion-clearfix\"><\/div>\n\n\t\t\t\t\t<\/div>\n\t\t\t\t<\/div><\/div><\/div>\n","protected":false},"excerpt":{"rendered":"","protected":false},"author":1,"featured_media":0,"parent":0,"menu_order":0,"comment_status":"closed","ping_status":"closed","template":"","meta":[],"_links":{"self":[{"href":"https:\/\/haugfossalpakka.no\/index.php?rest_route=\/wp\/v2\/pages\/11"}],"collection":[{"href":"https:\/\/haugfossalpakka.no\/index.php?rest_route=\/wp\/v2\/pages"}],"about":[{"href":"https:\/\/haugfossalpakka.no\/index.php?rest_route=\/wp\/v2\/types\/page"}],"author":[{"embeddable":true,"href":"https:\/\/haugfossalpakka.no\/index.php?rest_route=\/wp\/v2\/users\/1"}],"replies":[{"embeddable":true,"href":"https:\/\/haugfossalpakka.no\/index.php?rest_route=%2Fwp%2Fv2%2Fcomments&post=11"}],"version-history":[{"count":17,"href":"https:\/\/haugfossalpakka.no\/index.php?rest_route=\/wp\/v2\/pages\/11\/revisions"}],"predecessor-version":[{"id":264,"href":"https:\/\/haugfossalpakka.no\/index.php?rest_route=\/wp\/v2\/pages\/11\/revisions\/264"}],"wp:attachment":[{"href":"https:\/\/haugfossalpakka.no\/index.php?rest_route=%2Fwp%2Fv2%2Fmedia&parent=11"}],"curies":[{"name":"wp","href":"https:\/\/api.w.org\/{rel}","templated":true}]}}